{"id":1852,"date":"2024-04-26T15:27:35","date_gmt":"2024-04-26T18:27:35","guid":{"rendered":"http:http:\/\/web.accionsocialspb.org.ar\/dpasdoswp\/?page_id=1852"},"modified":"2024-11-13T15:13:07","modified_gmt":"2024-11-13T18:13:07","slug":"servicios-funebres","status":"publish","type":"page","link":"https:\/\/web.accionsocialspb.org.ar\/dpasdoswp\/servicios-funebres\/","title":{"rendered":"Servicios f\u00fanebres con convenio con FA.D.A.F."},"content":{"rendered":"\n<div style=\"height:18px\" aria-hidden=\"true\" class=\"wp-block-spacer\"><\/div>\n\n\n\n<h2 class=\"wp-block-heading has-text-color has-link-color wp-elements-9400ee8c3e39021c7056b7de19ad69ab\" style=\"color:#00aec3\"><strong>Servicios f\u00fanebres con convenio con F.A.D.A.F.<\/strong><\/h2>\n\n\n\n<div style=\"height:52px\" aria-hidden=\"true\" class=\"wp-block-spacer\"><\/div>\n\n\n\n<p>Por convenio suscripto con la <strong>Federaci\u00f3n Argentina de Asociaciones Funerarias de la Rep\u00fablica Argentina (FADAF) <\/strong>mediante el cual toda empresa f\u00fanebre integrante de su Red de Prestadores en todo el pa\u00eds, puede brindar a requerimiento del afiliado titular o sus deudos, durante las 24 hs. y todos los d\u00edas del a\u00f1o, un servicio de sepelio. El servicio puede ser mejorado a costa del requirente.<\/p>\n\n\n\n<p>En caso de fallecimiento de un familiar a cargo se requiere la constataci\u00f3n del v\u00ednculo a trav\u00e9s de acta, certificado o libreta de familia para realizar la gesti\u00f3n ante la prestadora del servicio f\u00fanebre.<\/p>\n\n\n\n<div style=\"height:36px\" aria-hidden=\"true\" class=\"wp-block-spacer\"><\/div>\n\n\n\n<div class=\"wp-block-columns botones-fadaf is-layout-flex wp-container-core-columns-is-layout-9d6595d7 wp-block-columns-is-layout-flex\">\n<div class=\"wp-block-column is-layout-flow wp-block-column-is-layout-flow\">\n<div class=\"wp-block-buttons boton-fadaf is-content-justification-center is-layout-flex wp-container-core-buttons-is-layout-16018d1d wp-block-buttons-is-layout-flex\">\n<div class=\"wp-block-button has-custom-width wp-block-button__width-75 has-custom-font-size boton-fadaf is-style-outline has-medium-font-size is-style-outline--1\"><a class=\"wp-block-button__link has-base-3-color has-text-color has-background has-link-color wp-element-button\" href=\"https:\/\/web.accionsocialspb.org.ar\/dpasdoswp\/asociacion-de-empresas-funebres-de-la-provincia-de-buenos-aires-zona-norte\/\" style=\"border-radius:0px;background-color:#00aec3\" target=\"_blank\" rel=\"noreferrer noopener\"><strong>ASOCIACI\u00d3N DE EMPRESAS F\u00daNEBRES DE LA PROVINCIA DE BUENOS AIRES.-ZONA NORTE<\/strong><\/a><\/div>\n<\/div>\n<\/div>\n\n\n\n<div class=\"wp-block-column is-layout-flow wp-block-column-is-layout-flow\">\n<div class=\"wp-block-buttons is-content-justification-center is-layout-flex wp-container-core-buttons-is-layout-16018d1d wp-block-buttons-is-layout-flex\">\n<div class=\"wp-block-button has-custom-width wp-block-button__width-75 boton-fadaf is-style-outline is-style-outline--2\"><a class=\"wp-block-button__link has-base-3-color has-text-color has-background has-link-color has-text-align-center wp-element-button\" href=\"https:\/\/web.accionsocialspb.org.ar\/dpasdoswp\/asociacion-de-empresas-funebres-de-la-republica-argentina\/\" style=\"border-radius:0px;background-color:#00aec3\" target=\"_blank\" rel=\"noreferrer noopener\"><strong>ASOCIACI\u00d3N DE EMPRESAS F\u00daNEBRES DE LA<br> REPUBLICA ARGENTINA<\/strong><\/a><\/div>\n<\/div>\n<\/div>\n<\/div>\n","protected":false},"excerpt":{"rendered":"<p>Servicios f\u00fanebres con convenio con F.A.D.A.F. Por convenio suscripto con la Federaci\u00f3n Argentina de Asociaciones Funerarias de la Rep\u00fablica Argentina (FADAF) mediante el cual toda empresa f\u00fanebre integrante de su Red de Prestadores en todo el pa\u00eds, puede brindar a requerimiento del afiliado titular o sus deudos, durante las 24 hs. y todos los d\u00edas &#8230; <a title=\"Servicios f\u00fanebres con convenio con FA.D.A.F.\" class=\"read-more\" href=\"https:\/\/web.accionsocialspb.org.ar\/dpasdoswp\/servicios-funebres\/\" aria-label=\"Leer m\u00e1s sobre Servicios f\u00fanebres con convenio con FA.D.A.F.\">Leer m\u00e1s<\/a><\/p>\n","protected":false},"author":1,"featured_media":0,"parent":0,"menu_order":0,"comment_status":"closed","ping_status":"closed","template":"","meta":{"footnotes":""},"class_list":["post-1852","page","type-page","status-publish"],"_links":{"self":[{"href":"https:\/\/web.accionsocialspb.org.ar\/dpasdoswp\/wp-json\/wp\/v2\/pages\/1852","targetHints":{"allow":["GET"]}}],"collection":[{"href":"https:\/\/web.accionsocialspb.org.ar\/dpasdoswp\/wp-json\/wp\/v2\/pages"}],"about":[{"href":"https:\/\/web.accionsocialspb.org.ar\/dpasdoswp\/wp-json\/wp\/v2\/types\/page"}],"author":[{"embeddable":true,"href":"https:\/\/web.accionsocialspb.org.ar\/dpasdoswp\/wp-json\/wp\/v2\/users\/1"}],"replies":[{"embeddable":true,"href":"https:\/\/web.accionsocialspb.org.ar\/dpasdoswp\/wp-json\/wp\/v2\/comments?post=1852"}],"version-history":[{"count":62,"href":"https:\/\/web.accionsocialspb.org.ar\/dpasdoswp\/wp-json\/wp\/v2\/pages\/1852\/revisions"}],"predecessor-version":[{"id":2039,"href":"https:\/\/web.accionsocialspb.org.ar\/dpasdoswp\/wp-json\/wp\/v2\/pages\/1852\/revisions\/2039"}],"wp:attachment":[{"href":"https:\/\/web.accionsocialspb.org.ar\/dpasdoswp\/wp-json\/wp\/v2\/media?parent=1852"}],"curies":[{"name":"wp","href":"https:\/\/api.w.org\/{rel}","templated":true}]}}