{"id":19,"date":"2021-03-31T21:58:35","date_gmt":"2021-04-01T00:58:35","guid":{"rendered":"http:\/\/web.accionsocialspb.org.ar\/dpasdoswp\/?page_id=19"},"modified":"2026-04-30T14:02:02","modified_gmt":"2026-04-30T17:02:02","slug":"inicio","status":"publish","type":"page","link":"https:\/\/web.accionsocialspb.org.ar\/dpasdoswp\/","title":{"rendered":"Inicio"},"content":{"rendered":"\n<div class=\"alignfull\"><div id=\"metaslider-id-107\" style=\"width: 100%; margin: 0 auto;\" class=\"ml-slider-3-103-0 metaslider metaslider-flex metaslider-107 ml-slider sliderinicio has-dots-nav ms-theme-default\" role=\"region\" aria-label=\"slider_inicio\" data-height=\"600\" data-width=\"1600\">\n    <div id=\"metaslider_container_107\">\n        <div id=\"metaslider_107\">\n            <ul class='slides'>\n                <li style=\"display: block; width: 100%;\" class=\"slide-1435 ms-image \" aria-roledescription=\"slide\" data-date=\"2022-05-06 14:47:32\" data-slide-type=\"image\"><a href=\"http:\/\/web.accionsocialspb.org.ar\/dpasdoswp\/prensa\/\" target=\"_blank\" aria-label=\"Ver detalles de la diapositiva\" class=\"metaslider_image_link\"><img loading=\"lazy\" decoding=\"async\" width=\"1703\" height=\"360\" src=\"https:\/\/web.accionsocialspb.org.ar\/dpasdoswp\/wp-content\/uploads\/2022\/05\/slider-presentacion.png\" class=\"slider-107 slide-1435 msDefaultImage\" alt=\"\" rel=\"\" title=\"slider presentaci\u00f3n\" srcset=\"https:\/\/web.accionsocialspb.org.ar\/dpasdoswp\/wp-content\/uploads\/2022\/05\/slider-presentacion.png 1703w, https:\/\/web.accionsocialspb.org.ar\/dpasdoswp\/wp-content\/uploads\/2022\/05\/slider-presentacion-300x63.png 300w, https:\/\/web.accionsocialspb.org.ar\/dpasdoswp\/wp-content\/uploads\/2022\/05\/slider-presentacion-1024x216.png 1024w, https:\/\/web.accionsocialspb.org.ar\/dpasdoswp\/wp-content\/uploads\/2022\/05\/slider-presentacion-768x162.png 768w, https:\/\/web.accionsocialspb.org.ar\/dpasdoswp\/wp-content\/uploads\/2022\/05\/slider-presentacion-1536x325.png 1536w\" sizes=\"auto, (max-width: 1703px) 100vw, 1703px\" \/><\/a><\/li>\n                <li style=\"display: none; width: 100%;\" class=\"slide-2102 ms-image \" aria-roledescription=\"slide\" data-date=\"2025-03-05 11:22:15\" data-slide-type=\"image\"><img loading=\"lazy\" decoding=\"async\" width=\"3405\" height=\"717\" src=\"https:\/\/web.accionsocialspb.org.ar\/dpasdoswp\/wp-content\/uploads\/2025\/03\/SLIDER-LOMAS.png\" class=\"slider-107 slide-2102 msDefaultImage\" alt=\"\" rel=\"\" title=\"SLIDER LOMAS\" srcset=\"https:\/\/web.accionsocialspb.org.ar\/dpasdoswp\/wp-content\/uploads\/2025\/03\/SLIDER-LOMAS.png 3405w, https:\/\/web.accionsocialspb.org.ar\/dpasdoswp\/wp-content\/uploads\/2025\/03\/SLIDER-LOMAS-300x63.png 300w, https:\/\/web.accionsocialspb.org.ar\/dpasdoswp\/wp-content\/uploads\/2025\/03\/SLIDER-LOMAS-1024x216.png 1024w, https:\/\/web.accionsocialspb.org.ar\/dpasdoswp\/wp-content\/uploads\/2025\/03\/SLIDER-LOMAS-768x162.png 768w, https:\/\/web.accionsocialspb.org.ar\/dpasdoswp\/wp-content\/uploads\/2025\/03\/SLIDER-LOMAS-1536x323.png 1536w, https:\/\/web.accionsocialspb.org.ar\/dpasdoswp\/wp-content\/uploads\/2025\/03\/SLIDER-LOMAS-2048x431.png 2048w\" sizes=\"auto, (max-width: 3405px) 100vw, 3405px\" \/><\/li>\n                <li style=\"display: none; width: 100%;\" class=\"slide-2073 ms-image \" aria-roledescription=\"slide\" data-date=\"2025-01-02 15:31:34\" data-slide-type=\"image\"><img loading=\"lazy\" decoding=\"async\" width=\"1703\" height=\"364\" src=\"https:\/\/web.accionsocialspb.org.ar\/dpasdoswp\/wp-content\/uploads\/2025\/01\/atencion-telefonica.png\" class=\"slider-107 slide-2073 msDefaultImage\" alt=\"\" rel=\"\" title=\"atencion telefonica\" srcset=\"https:\/\/web.accionsocialspb.org.ar\/dpasdoswp\/wp-content\/uploads\/2025\/01\/atencion-telefonica.png 1703w, https:\/\/web.accionsocialspb.org.ar\/dpasdoswp\/wp-content\/uploads\/2025\/01\/atencion-telefonica-300x64.png 300w, https:\/\/web.accionsocialspb.org.ar\/dpasdoswp\/wp-content\/uploads\/2025\/01\/atencion-telefonica-1024x219.png 1024w, https:\/\/web.accionsocialspb.org.ar\/dpasdoswp\/wp-content\/uploads\/2025\/01\/atencion-telefonica-768x164.png 768w, https:\/\/web.accionsocialspb.org.ar\/dpasdoswp\/wp-content\/uploads\/2025\/01\/atencion-telefonica-1536x328.png 1536w\" sizes=\"auto, (max-width: 1703px) 100vw, 1703px\" \/><\/li>\n                <li style=\"display: none; width: 100%;\" class=\"slide-2047 ms-image \" aria-roledescription=\"slide\" data-date=\"2024-11-22 10:47:37\" data-slide-type=\"image\"><a href=\"https:\/\/web.accionsocialspb.org.ar\/dpasdoswp\/prensa\/\" target=\"_self\" aria-label=\"Ver detalles de la diapositiva\" class=\"metaslider_image_link\"><img loading=\"lazy\" decoding=\"async\" width=\"1703\" height=\"359\" src=\"https:\/\/web.accionsocialspb.org.ar\/dpasdoswp\/wp-content\/uploads\/2024\/11\/slider_Credencial_2024.png\" class=\"slider-107 slide-2047 msDefaultImage\" alt=\"\" rel=\"\" title=\"slider_Credencial_2024\" srcset=\"https:\/\/web.accionsocialspb.org.ar\/dpasdoswp\/wp-content\/uploads\/2024\/11\/slider_Credencial_2024.png 1703w, https:\/\/web.accionsocialspb.org.ar\/dpasdoswp\/wp-content\/uploads\/2024\/11\/slider_Credencial_2024-300x63.png 300w, https:\/\/web.accionsocialspb.org.ar\/dpasdoswp\/wp-content\/uploads\/2024\/11\/slider_Credencial_2024-1024x216.png 1024w, https:\/\/web.accionsocialspb.org.ar\/dpasdoswp\/wp-content\/uploads\/2024\/11\/slider_Credencial_2024-768x162.png 768w, https:\/\/web.accionsocialspb.org.ar\/dpasdoswp\/wp-content\/uploads\/2024\/11\/slider_Credencial_2024-1536x324.png 1536w\" sizes=\"auto, (max-width: 1703px) 100vw, 1703px\" \/><\/a><\/li>\n                <li style=\"display: none; width: 100%;\" class=\"slide-1797 ms-image \" aria-roledescription=\"slide\" data-date=\"2024-01-22 09:32:44\" data-slide-type=\"image\"><img loading=\"lazy\" decoding=\"async\" width=\"3405\" height=\"717\" src=\"https:\/\/web.accionsocialspb.org.ar\/dpasdoswp\/wp-content\/uploads\/2024\/01\/turismo-los-hornos-1.png\" class=\"slider-107 slide-1797 msDefaultImage\" alt=\"\" rel=\"\" title=\"turismo-los-hornos\" srcset=\"https:\/\/web.accionsocialspb.org.ar\/dpasdoswp\/wp-content\/uploads\/2024\/01\/turismo-los-hornos-1.png 3405w, https:\/\/web.accionsocialspb.org.ar\/dpasdoswp\/wp-content\/uploads\/2024\/01\/turismo-los-hornos-1-300x63.png 300w, https:\/\/web.accionsocialspb.org.ar\/dpasdoswp\/wp-content\/uploads\/2024\/01\/turismo-los-hornos-1-1024x216.png 1024w, https:\/\/web.accionsocialspb.org.ar\/dpasdoswp\/wp-content\/uploads\/2024\/01\/turismo-los-hornos-1-768x162.png 768w, https:\/\/web.accionsocialspb.org.ar\/dpasdoswp\/wp-content\/uploads\/2024\/01\/turismo-los-hornos-1-1536x323.png 1536w, https:\/\/web.accionsocialspb.org.ar\/dpasdoswp\/wp-content\/uploads\/2024\/01\/turismo-los-hornos-1-2048x431.png 2048w\" sizes=\"auto, (max-width: 3405px) 100vw, 3405px\" \/><\/li>\n                <li style=\"display: none; width: 100%;\" class=\"slide-1759 ms-image \" aria-roledescription=\"slide\" data-date=\"2023-11-01 12:46:03\" data-slide-type=\"image\"><a href=\"http:\/\/web.accionsocialspb.org.ar\/dpasdoswp\/2023\/11\/01\/registracion-web-para-los-as-afiliados-as\/\" target=\"_blank\" aria-label=\"Ver detalles de la diapositiva\" class=\"metaslider_image_link\"><img loading=\"lazy\" decoding=\"async\" width=\"1703\" height=\"361\" src=\"https:\/\/web.accionsocialspb.org.ar\/dpasdoswp\/wp-content\/uploads\/2023\/11\/PLACAS-REGISTRACION-WEB-Slider-03.png\" class=\"slider-107 slide-1759 msDefaultImage\" alt=\"\" rel=\"\" title=\"PLACAS REGISTRACI\u00d3N WEB-Slider-03\" srcset=\"https:\/\/web.accionsocialspb.org.ar\/dpasdoswp\/wp-content\/uploads\/2023\/11\/PLACAS-REGISTRACION-WEB-Slider-03.png 1703w, https:\/\/web.accionsocialspb.org.ar\/dpasdoswp\/wp-content\/uploads\/2023\/11\/PLACAS-REGISTRACION-WEB-Slider-03-300x64.png 300w, https:\/\/web.accionsocialspb.org.ar\/dpasdoswp\/wp-content\/uploads\/2023\/11\/PLACAS-REGISTRACION-WEB-Slider-03-1024x217.png 1024w, https:\/\/web.accionsocialspb.org.ar\/dpasdoswp\/wp-content\/uploads\/2023\/11\/PLACAS-REGISTRACION-WEB-Slider-03-768x163.png 768w, https:\/\/web.accionsocialspb.org.ar\/dpasdoswp\/wp-content\/uploads\/2023\/11\/PLACAS-REGISTRACION-WEB-Slider-03-1536x326.png 1536w\" sizes=\"auto, (max-width: 1703px) 100vw, 1703px\" \/><\/a><\/li>\n                <li style=\"display: none; width: 100%;\" class=\"slide-1410 ms-image \" aria-roledescription=\"slide\" data-date=\"2022-03-29 16:57:55\" data-slide-type=\"image\"><img loading=\"lazy\" decoding=\"async\" width=\"3405\" height=\"718\" src=\"https:\/\/web.accionsocialspb.org.ar\/dpasdoswp\/wp-content\/uploads\/2024\/01\/slider-berisso.png\" class=\"slider-107 slide-1410 msDefaultImage\" alt=\"\" rel=\"\" title=\"slider berisso\" srcset=\"https:\/\/web.accionsocialspb.org.ar\/dpasdoswp\/wp-content\/uploads\/2024\/01\/slider-berisso.png 3405w, https:\/\/web.accionsocialspb.org.ar\/dpasdoswp\/wp-content\/uploads\/2024\/01\/slider-berisso-300x63.png 300w, https:\/\/web.accionsocialspb.org.ar\/dpasdoswp\/wp-content\/uploads\/2024\/01\/slider-berisso-1024x216.png 1024w, https:\/\/web.accionsocialspb.org.ar\/dpasdoswp\/wp-content\/uploads\/2024\/01\/slider-berisso-768x162.png 768w, https:\/\/web.accionsocialspb.org.ar\/dpasdoswp\/wp-content\/uploads\/2024\/01\/slider-berisso-1536x324.png 1536w, https:\/\/web.accionsocialspb.org.ar\/dpasdoswp\/wp-content\/uploads\/2024\/01\/slider-berisso-2048x432.png 2048w\" sizes=\"auto, (max-width: 3405px) 100vw, 3405px\" \/><\/li>\n                <li style=\"display: none; width: 100%;\" class=\"slide-1277 ms-image \" aria-roledescription=\"slide\" data-date=\"2021-12-03 13:39:02\" data-slide-type=\"image\"><img loading=\"lazy\" decoding=\"async\" width=\"3405\" height=\"717\" src=\"https:\/\/web.accionsocialspb.org.ar\/dpasdoswp\/wp-content\/uploads\/2024\/01\/SLIDER-LOS-HORNOS.png\" class=\"slider-107 slide-1277 msDefaultImage\" alt=\"\" rel=\"\" title=\"SLIDER LOS HORNOS\" srcset=\"https:\/\/web.accionsocialspb.org.ar\/dpasdoswp\/wp-content\/uploads\/2024\/01\/SLIDER-LOS-HORNOS.png 3405w, https:\/\/web.accionsocialspb.org.ar\/dpasdoswp\/wp-content\/uploads\/2024\/01\/SLIDER-LOS-HORNOS-300x63.png 300w, https:\/\/web.accionsocialspb.org.ar\/dpasdoswp\/wp-content\/uploads\/2024\/01\/SLIDER-LOS-HORNOS-1024x216.png 1024w, https:\/\/web.accionsocialspb.org.ar\/dpasdoswp\/wp-content\/uploads\/2024\/01\/SLIDER-LOS-HORNOS-768x162.png 768w, https:\/\/web.accionsocialspb.org.ar\/dpasdoswp\/wp-content\/uploads\/2024\/01\/SLIDER-LOS-HORNOS-1536x323.png 1536w, https:\/\/web.accionsocialspb.org.ar\/dpasdoswp\/wp-content\/uploads\/2024\/01\/SLIDER-LOS-HORNOS-2048x431.png 2048w\" sizes=\"auto, (max-width: 3405px) 100vw, 3405px\" \/><\/li>\n            <\/ul>\n        <\/div>\n        \n    <\/div>\n<\/div><\/div>\n\n\n\n<div style=\"height:33px\" aria-hidden=\"true\" class=\"wp-block-spacer\"><\/div>\n\n\n\n<div class=\"wp-block-columns .bloque-iconos01 is-layout-flex wp-container-core-columns-is-layout-9d6595d7 wp-block-columns-is-layout-flex\">\n<div class=\"wp-block-column is-layout-flow wp-block-column-is-layout-flow\"><div class=\"wp-block-image is-style-default-8\">\n<figure class=\"aligncenter size-full\"><a href=\"http:\/\/web.accionsocialspb.org.ar\/turnos\/login.php\" target=\"_blank\" rel=\"noreferrer noopener\"><img loading=\"lazy\" decoding=\"async\" width=\"102\" height=\"102\" src=\"https:\/\/web.accionsocialspb.org.ar\/dpasdoswp\/wp-content\/uploads\/2024\/04\/calendario.png\" alt=\"\" class=\"wp-image-1817\"\/><\/a><\/figure><\/div>\n\n\n<p class=\"has-text-align-center\"><a href=\"http:\/\/web.accionsocialspb.org.ar\/turnos\/login.php\" data-type=\"link\" data-id=\"http:\/\/web.accionsocialspb.org.ar\/turnos\/login.php\" target=\"_blank\" rel=\"noreferrer noopener\">Turnos para<br>Sede Central<\/a><\/p>\n<\/div>\n\n\n\n<div class=\"wp-block-column is-layout-flow wp-block-column-is-layout-flow\"><div class=\"wp-block-image is-style-default-8\">\n<figure class=\"aligncenter size-full\"><a href=\"http:\/\/dpas.accionsocialspb.org.ar\/expedientes\/\" target=\"_blank\" rel=\"noreferrer noopener\"><img loading=\"lazy\" decoding=\"async\" width=\"102\" height=\"102\" src=\"https:\/\/web.accionsocialspb.org.ar\/dpasdoswp\/wp-content\/uploads\/2024\/04\/Buscar-tu-tramite.png\" alt=\"\" class=\"wp-image-1815\"\/><\/a><\/figure><\/div>\n\n\n<h6 class=\"wp-block-heading has-text-align-center\"><a href=\"http:\/\/dpas.accionsocialspb.org.ar\/expedientes\/\" data-type=\"link\" data-id=\"http:\/\/dpas.accionsocialspb.org.ar\/expedientes\/\" target=\"_blank\" rel=\"noreferrer noopener\">Consult\u00e1 tu tr\u00e1mite<\/a><\/h6>\n<\/div>\n\n\n\n<div class=\"wp-block-column is-layout-flow wp-block-column-is-layout-flow\"><div class=\"wp-block-image is-style-default-8\">\n<figure class=\"aligncenter size-full\"><a href=\"https:\/\/web.accionsocialspb.org.ar\/dpasdoswp\/contacto\/\"><img loading=\"lazy\" decoding=\"async\" width=\"98\" height=\"99\" src=\"https:\/\/web.accionsocialspb.org.ar\/dpasdoswp\/wp-content\/uploads\/2025\/06\/Recurso-1.png\" alt=\"\" class=\"wp-image-2126\"\/><\/a><\/figure><\/div>\n\n\n<h6 class=\"wp-block-heading has-text-align-center\"><a href=\"https:\/\/web.accionsocialspb.org.ar\/dpasdoswp\/contacto\/\" data-type=\"link\" data-id=\"https:\/\/accionsocialspb.org.ar:2096\/\" target=\"_blank\" rel=\"noreferrer noopener\">Contacto<\/a><\/h6>\n<\/div>\n\n\n\n<div class=\"wp-block-column is-layout-flow wp-block-column-is-layout-flow\"><div class=\"wp-block-image is-style-default-8\">\n<figure class=\"aligncenter size-full\"><a href=\"https:\/\/web.accionsocialspb.org.ar\/dpasdoswp\/preguntas-frecuentes\/\" target=\"_blank\" rel=\"noreferrer noopener\"><img loading=\"lazy\" decoding=\"async\" width=\"102\" height=\"102\" src=\"https:\/\/web.accionsocialspb.org.ar\/dpasdoswp\/wp-content\/uploads\/2024\/04\/Buscar-preguntas.png\" alt=\"\" class=\"wp-image-1816\"\/><\/a><\/figure><\/div>\n\n\n<p class=\"has-text-align-center\"><a href=\"https:\/\/web.accionsocialspb.org.ar\/dpasdoswp\/preguntas-frecuentes\/\" data-type=\"link\" data-id=\"https:\/\/web.accionsocialspb.org.ar\/dpasdoswp\/preguntas-frecuentes\/\" target=\"_blank\" rel=\"noreferrer noopener\">Preguntas Frecuentes<\/a><\/p>\n<\/div>\n<\/div>\n\n\n\n<div class=\"wp-block-columns .bloque-iconos01 is-layout-flex wp-container-core-columns-is-layout-9d6595d7 wp-block-columns-is-layout-flex\">\n<div class=\"wp-block-column is-layout-flow wp-block-column-is-layout-flow\"><div class=\"wp-block-image is-style-default-8\">\n<figure class=\"aligncenter size-full\"><a href=\"https:\/\/web.accionsocialspb.org.ar\/dpasdoswp\/opticas-adheridas\/\" target=\"_blank\" rel=\"noreferrer noopener\"><img loading=\"lazy\" decoding=\"async\" width=\"102\" height=\"102\" src=\"https:\/\/web.accionsocialspb.org.ar\/dpasdoswp\/wp-content\/uploads\/2024\/04\/red-opticas.png\" alt=\"\" class=\"wp-image-1822\"\/><\/a><\/figure><\/div>\n\n\n<p class=\"has-text-align-center\"><a href=\"https:\/\/web.accionsocialspb.org.ar\/dpasdoswp\/opticas-adheridas\/\" data-type=\"link\" data-id=\"http:\/\/web.accionsocialspb.org.ar\/cartilla_de_prestaciones\/opticas.php\" target=\"_blank\" rel=\"noreferrer noopener\">Red de \u00d3pticas<\/a><\/p>\n<\/div>\n\n\n\n<div class=\"wp-block-column is-layout-flow wp-block-column-is-layout-flow\"><div class=\"wp-block-image is-style-default-8\">\n<figure class=\"aligncenter size-full\"><a href=\"https:\/\/web.accionsocialspb.org.ar\/dpasdoswp\/farmacias-adheridas\/\" target=\"_blank\" rel=\"noreferrer noopener\"><img loading=\"lazy\" decoding=\"async\" width=\"107\" height=\"102\" src=\"https:\/\/web.accionsocialspb.org.ar\/dpasdoswp\/wp-content\/uploads\/2024\/04\/farmacia5.png\" alt=\"\" class=\"wp-image-1841\"\/><\/a><\/figure><\/div>\n\n\n<h6 class=\"wp-block-heading has-text-align-center\"><a href=\"https:\/\/web.accionsocialspb.org.ar\/dpasdoswp\/farmacias-adheridas\/\" data-type=\"link\" data-id=\"http:\/\/web.accionsocialspb.org.ar\/cartilla_de_prestaciones\/farmacias.php\" target=\"_blank\" rel=\"noreferrer noopener\">Red de Farmacias<\/a><\/h6>\n<\/div>\n\n\n\n<div class=\"wp-block-column is-layout-flow wp-block-column-is-layout-flow\"><div class=\"wp-block-image is-style-default-8\">\n<figure class=\"aligncenter size-full\"><a href=\"https:\/\/web.accionsocialspb.org.ar\/dpasdoswp\/wp-content\/uploads\/2026\/04\/RED-ODONTOLOGICA-ABRIL-2026-1-.pdf\" target=\"_blank\" rel=\"noreferrer noopener\"><img loading=\"lazy\" decoding=\"async\" width=\"102\" height=\"102\" src=\"https:\/\/web.accionsocialspb.org.ar\/dpasdoswp\/wp-content\/uploads\/2024\/04\/red-odontologica.png\" alt=\"\" class=\"wp-image-1821\"\/><\/a><\/figure><\/div>\n\n\n<h6 class=\"wp-block-heading has-text-align-center\"><a href=\"https:\/\/web.accionsocialspb.org.ar\/dpasdoswp\/wp-content\/uploads\/2026\/04\/RED-ODONTOLOGICA-ABRIL-2026-1-.pdf\" data-type=\"link\" data-id=\"https:\/\/web.accionsocialspb.org.ar\/dpasdoswp\/wp-content\/uploads\/2026\/04\/RED-ODONTOLOGICA-ABRIL-2026-1-.pdf\" target=\"_blank\" rel=\"noreferrer noopener\">Red Odontol\u00f3gica<\/a><\/h6>\n<\/div>\n\n\n\n<div class=\"wp-block-column is-layout-flow wp-block-column-is-layout-flow\"><div class=\"wp-block-image is-style-default-8\">\n<figure class=\"aligncenter size-full\"><a href=\"https:\/\/web.accionsocialspb.org.ar\/dpasdoswp\/wp-content\/uploads\/2026\/02\/cartilla-2026-febrero.pdf\" target=\"_blank\" rel=\"noreferrer noopener\"><img loading=\"lazy\" decoding=\"async\" width=\"102\" height=\"102\" src=\"https:\/\/web.accionsocialspb.org.ar\/dpasdoswp\/wp-content\/uploads\/2024\/04\/descarga-cartilla.png\" alt=\"\" class=\"wp-image-1818\"\/><\/a><\/figure><\/div>\n\n\n<h6 class=\"wp-block-heading has-text-align-center\"><a href=\"https:\/\/web.accionsocialspb.org.ar\/dpasdoswp\/wp-content\/uploads\/2026\/02\/cartilla-2026-febrero.pdf\" data-type=\"link\" data-id=\"https:\/\/web.accionsocialspb.org.ar\/dpasdoswp\/wp-content\/uploads\/2024\/04\/PREST.-CARTILLA-ABRIL-20248.pdf\" target=\"_blank\" rel=\"noreferrer noopener\">Descargar Cartilla<\/a><\/h6>\n<\/div>\n<\/div>\n\n\n\n<div style=\"height:33px\" aria-hidden=\"true\" class=\"wp-block-spacer\"><\/div>\n\n\n\n<h2 class=\"wp-block-heading titulo-efem\u00e9rides\"><mark style=\"background-color:rgba(0, 0, 0, 0);color:#00aec3\" class=\"has-inline-color\"><strong>Tutoriales<\/strong><\/mark><\/h2>\n\n\n\n<div class=\"wp-block-columns is-layout-flex wp-container-core-columns-is-layout-9d6595d7 wp-block-columns-is-layout-flex\">\n<div class=\"wp-block-column is-layout-flow wp-block-column-is-layout-flow\">\n<figure class=\"wp-block-embed is-type-video is-provider-youtube wp-block-embed-youtube wp-embed-aspect-16-9 wp-has-aspect-ratio\"><div class=\"wp-block-embed__wrapper\">\n<iframe loading=\"lazy\" title=\"Primer ingreso al Sistema a trav\u00e9s de AFIP\" width=\"1200\" height=\"675\" src=\"https:\/\/www.youtube.com\/embed\/vyO_t2ofJ-0?feature=oembed\" frameborder=\"0\" allow=\"accelerometer; autoplay; clipboard-write; encrypted-media; gyroscope; picture-in-picture; web-share\" referrerpolicy=\"strict-origin-when-cross-origin\" allowfullscreen><\/iframe>\n<\/div><\/figure>\n<\/div>\n\n\n\n<div class=\"wp-block-column is-layout-flow wp-block-column-is-layout-flow\">\n<figure class=\"wp-block-embed is-type-video is-provider-youtube wp-block-embed-youtube wp-embed-aspect-16-9 wp-has-aspect-ratio\"><div class=\"wp-block-embed__wrapper\">\n<iframe loading=\"lazy\" title=\"Primer ingreso al Sistema DPAS\" width=\"1200\" height=\"675\" src=\"https:\/\/www.youtube.com\/embed\/VhoLX0SNhgE?feature=oembed\" frameborder=\"0\" allow=\"accelerometer; autoplay; clipboard-write; encrypted-media; gyroscope; picture-in-picture; web-share\" referrerpolicy=\"strict-origin-when-cross-origin\" allowfullscreen><\/iframe>\n<\/div><\/figure>\n<\/div>\n<\/div>\n\n\n\n<div class=\"wp-block-columns is-layout-flex wp-container-core-columns-is-layout-9d6595d7 wp-block-columns-is-layout-flex\">\n<div class=\"wp-block-column is-layout-flow wp-block-column-is-layout-flow\">\n<figure class=\"wp-block-embed is-type-video is-provider-youtube wp-block-embed-youtube wp-embed-aspect-16-9 wp-has-aspect-ratio\"><div class=\"wp-block-embed__wrapper\">\n<iframe loading=\"lazy\" title=\"Mis datos de Afiliado y Consumos\" width=\"1200\" height=\"675\" src=\"https:\/\/www.youtube.com\/embed\/3qIpKGykb10?feature=oembed\" frameborder=\"0\" allow=\"accelerometer; autoplay; clipboard-write; encrypted-media; gyroscope; picture-in-picture; web-share\" referrerpolicy=\"strict-origin-when-cross-origin\" allowfullscreen><\/iframe>\n<\/div><\/figure>\n<\/div>\n\n\n\n<div class=\"wp-block-column is-layout-flow wp-block-column-is-layout-flow\">\n<figure class=\"wp-block-embed is-type-video is-provider-youtube wp-block-embed-youtube wp-embed-aspect-16-9 wp-has-aspect-ratio\"><div class=\"wp-block-embed__wrapper\">\n<iframe loading=\"lazy\" title=\"Documentaci\u00f3n, representantes autorizados y tr\u00e1mites en el Sistema\" width=\"1200\" height=\"675\" src=\"https:\/\/www.youtube.com\/embed\/2FeZruaEPhg?start=5&#038;feature=oembed\" frameborder=\"0\" allow=\"accelerometer; autoplay; clipboard-write; encrypted-media; gyroscope; picture-in-picture; web-share\" referrerpolicy=\"strict-origin-when-cross-origin\" allowfullscreen><\/iframe>\n<\/div><\/figure>\n<\/div>\n<\/div>\n\n\n\n<div class=\"wp-block-columns is-layout-flex wp-container-core-columns-is-layout-9d6595d7 wp-block-columns-is-layout-flex\">\n<div class=\"wp-block-column is-layout-flow wp-block-column-is-layout-flow\">\n<figure class=\"wp-block-video\"><video controls src=\"https:\/\/web.accionsocialspb.org.ar\/dpasdoswp\/wp-content\/uploads\/2022\/04\/web-tutorial-final.mp4\"><\/video><\/figure>\n<\/div>\n\n\n\n<div class=\"wp-block-column is-layout-flow wp-block-column-is-layout-flow\">\n<figure class=\"wp-block-image size-large\"><img loading=\"lazy\" decoding=\"async\" width=\"1024\" height=\"577\" src=\"https:\/\/web.accionsocialspb.org.ar\/dpasdoswp\/wp-content\/uploads\/2022\/04\/placa-sacar-turno-pagina-1024x577.png\" alt=\"\" class=\"wp-image-1419\" srcset=\"https:\/\/web.accionsocialspb.org.ar\/dpasdoswp\/wp-content\/uploads\/2022\/04\/placa-sacar-turno-pagina-1024x577.png 1024w, https:\/\/web.accionsocialspb.org.ar\/dpasdoswp\/wp-content\/uploads\/2022\/04\/placa-sacar-turno-pagina-300x169.png 300w, https:\/\/web.accionsocialspb.org.ar\/dpasdoswp\/wp-content\/uploads\/2022\/04\/placa-sacar-turno-pagina-768x432.png 768w, https:\/\/web.accionsocialspb.org.ar\/dpasdoswp\/wp-content\/uploads\/2022\/04\/placa-sacar-turno-pagina-1536x865.png 1536w, https:\/\/web.accionsocialspb.org.ar\/dpasdoswp\/wp-content\/uploads\/2022\/04\/placa-sacar-turno-pagina-2048x1153.png 2048w\" sizes=\"auto, (max-width: 1024px) 100vw, 1024px\" \/><\/figure>\n<\/div>\n<\/div>\n\n\n\n<h2 class=\"wp-block-heading titulo-efem\u00e9rides\"><mark style=\"background-color:rgba(0, 0, 0, 0);color:#00aec3\" class=\"has-inline-color\"><strong>Turismo<\/strong><\/mark><\/h2>\n\n\n\n<div class=\"wp-block-columns is-layout-flex wp-container-core-columns-is-layout-9d6595d7 wp-block-columns-is-layout-flex\">\n<div class=\"wp-block-column is-layout-flow wp-block-column-is-layout-flow\">\n<figure class=\"wp-block-video\"><video controls src=\"https:\/\/web.accionsocialspb.org.ar\/dpasdoswp\/wp-content\/uploads\/2022\/06\/Turismo22.mp4\"><\/video><\/figure>\n<\/div>\n\n\n\n<div class=\"wp-block-column is-layout-flow wp-block-column-is-layout-flow\">\n<figure class=\"wp-block-image size-large\"><img loading=\"lazy\" decoding=\"async\" width=\"1024\" height=\"576\" src=\"https:\/\/web.accionsocialspb.org.ar\/dpasdoswp\/wp-content\/uploads\/2022\/06\/TURISMO09-1024x576.jpg\" alt=\"\" class=\"wp-image-1461\" srcset=\"https:\/\/web.accionsocialspb.org.ar\/dpasdoswp\/wp-content\/uploads\/2022\/06\/TURISMO09-1024x576.jpg 1024w, https:\/\/web.accionsocialspb.org.ar\/dpasdoswp\/wp-content\/uploads\/2022\/06\/TURISMO09-300x169.jpg 300w, https:\/\/web.accionsocialspb.org.ar\/dpasdoswp\/wp-content\/uploads\/2022\/06\/TURISMO09-768x432.jpg 768w, https:\/\/web.accionsocialspb.org.ar\/dpasdoswp\/wp-content\/uploads\/2022\/06\/TURISMO09-1536x864.jpg 1536w, https:\/\/web.accionsocialspb.org.ar\/dpasdoswp\/wp-content\/uploads\/2022\/06\/TURISMO09-2048x1152.jpg 2048w\" sizes=\"auto, (max-width: 1024px) 100vw, 1024px\" \/><\/figure>\n<\/div>\n<\/div>\n","protected":false},"excerpt":{"rendered":"<p>Turnos paraSede Central Consult\u00e1 tu tr\u00e1mite Contacto Preguntas Frecuentes Red de \u00d3pticas Red de Farmacias Red Odontol\u00f3gica Descargar Cartilla Tutoriales Turismo<\/p>\n","protected":false},"author":1,"featured_media":0,"parent":0,"menu_order":0,"comment_status":"closed","ping_status":"closed","template":"","meta":{"footnotes":""},"class_list":["post-19","page","type-page","status-publish"],"_links":{"self":[{"href":"https:\/\/web.accionsocialspb.org.ar\/dpasdoswp\/wp-json\/wp\/v2\/pages\/19","targetHints":{"allow":["GET"]}}],"collection":[{"href":"https:\/\/web.accionsocialspb.org.ar\/dpasdoswp\/wp-json\/wp\/v2\/pages"}],"about":[{"href":"https:\/\/web.accionsocialspb.org.ar\/dpasdoswp\/wp-json\/wp\/v2\/types\/page"}],"author":[{"embeddable":true,"href":"https:\/\/web.accionsocialspb.org.ar\/dpasdoswp\/wp-json\/wp\/v2\/users\/1"}],"replies":[{"embeddable":true,"href":"https:\/\/web.accionsocialspb.org.ar\/dpasdoswp\/wp-json\/wp\/v2\/comments?post=19"}],"version-history":[{"count":287,"href":"https:\/\/web.accionsocialspb.org.ar\/dpasdoswp\/wp-json\/wp\/v2\/pages\/19\/revisions"}],"predecessor-version":[{"id":2163,"href":"https:\/\/web.accionsocialspb.org.ar\/dpasdoswp\/wp-json\/wp\/v2\/pages\/19\/revisions\/2163"}],"wp:attachment":[{"href":"https:\/\/web.accionsocialspb.org.ar\/dpasdoswp\/wp-json\/wp\/v2\/media?parent=19"}],"curies":[{"name":"wp","href":"https:\/\/api.w.org\/{rel}","templated":true}]}}